se 16
-2c2b
Convert 1831 (base 10) to base 3.
2111211
Convert -946 (base 14) to base 8.
-3442
What is -1211 (base 4) in base 13?
-7a
Convert 2430 (base 6) to base 5.
4334
7b02 (base 16) to base 9
47168
What is -11cca (base 13) in base 5?
-2023302
Convert -a8 (base 13) to base 15.
-93
Convert 115 (base 8) to base 15.
52
What is 101011101000011 (base 2) in base 16?
5743
What is 111212121 (base 3) in base 4?
2132002
What is -3346 (base 8) in base 15?
-7cb
-1330 (base 8) to base 4
-23120
What is 3964 (base 10) in base 2?
111101111100
What is -14033 (base 5) in base 2?
-10001110111
What is -1001210110 (base 3) in base 4?
-11013333
-d8 (base 14) to base 9
-231
-3003 (base 4) to base 9
-236
Convert 25b35 (base 12) to base 2.
1100101000011001
What is -231 (base 16) in base 4?
-20301
-3186 (base 11) to base 9
-5685
-1132302 (base 4) to base 16
-17b2
What is -1111011111010 (base 2) in base 10?
-7930
Convert 1011313 (base 4) to base 14.
18b5
What is -27900 (base 10) in base 8?
-66374
35c3 (base 16) to base 2
11010111000011
Convert 14125 (base 6) to base 5.
32323
What is -336 (base 10) in base 5?
-2321
Convert -824 (base 9) to base 15.
-2ea
What is 1024 (base 9) in base 4?
23233
Convert -1210 (base 3) to base 5.
-143
What is -201111 (base 4) in base 10?
-2133
Convert -1010000010110 (base 2) to base 10.
-5142
Convert -12111113 (base 4) to base 5.
-1312233
What is 1122303 (base 4) in base 15?
1ac6
34405 (base 7) to base 8
21110
What is 101212122 (base 3) in base 9?
11778
-6430 (base 10) to base 7
-24514
Convert 1366 (base 7) to base 14.
2a6
Convert -10013 (base 6) to base 16.
-519
What is 110101011100000 (base 2) in base 9?
41470
Convert 133 (base 16) to base 3.
102101
What is -21020 (base 3) in base 15?
-d0
What is 1424 (base 8) in base 6?
3352
Convert 1276 (base 13) to base 5.
41012
What is 1ac (base 15) in base 3?
112100
Convert 1331 (base 5) to base 13.
138
Convert -909 (base 13) to base 4.
-113322
Convert 9506 (base 15) to base 16.
7b12
What is -4150 (base 8) in base 10?
-2152
What is -c3 (base 14) in base 13?
-102
5a33 (base 12) to base 10
10119
What is 264 (base 15) in base 8?
1040
What is -41054 (base 6) in base 13?
-2620
What is 1023 (base 5) in base 6?
350
Convert -30861 (base 9) to base 6.
-234214
What is 2478 (base 9) in base 10?
1853
What is -f430 (base 16) in base 7?
-350152
-1101023 (base 4) to base 3
-21010102
Convert 446 (base 8) to base 4.
10212
Convert 53510 (base 6) to base 15.
2279
-11021 (base 4) to base 14
-197
-441 (base 14) to base 4
-31021
-32022 (base 7) to base 11
-5a37
-1557 (base 13) to base 10
-3114
16553 (base 7) to base 5
122432
Convert -201212 (base 3) to base 11.
-448
Convert -100211000 (base 3) to base 8.
-15763
-13246 (base 9) to base 5
-241302
What is 221 (base 6) in base 11?
78
718 (base 10) to base 9
877
3146 (base 13) to base 3
100100112
Convert 14a6 (base 14) to base 9.
5032
-27026 (base 9) to base 6
-220253
321 (base 6) to base 4
1321
What is 224 (base 9) in base 14?
d2
23002 (base 9) to base 15
480b
-b2b0 (base 15) to base 7
-215013
What is 1040413 (base 5) in base 13?
83b7
What is 4ae (base 15) in base 12?
748
-6889 (base 16) to base 3
-1100201011
Convert -455344 (base 6) to base 10.
-38800
Convert 1213 (base 10) to base 16.
4bd
Convert 341220 (base 5) to base 7.
50106
What is -384 (base 12) in base 3?
-201201
What is -190 (base 14) in base 13?
-1ba
-1000220021 (base 3) to base 7
-113203
What is 55054 (base 7) in base 10?
13759
e1 (base 15) to base 3
21211
What is 190c2 (base 13) in base 6?
1012300
What is -323131 (base 7) in base 13?
-1c837
What is -1410101 (base 5) in base 16?
-7068
-9081 (base 10) to base 14
-3449
What is -1009 (base 15) in base 6?
-23400
23020 (base 4) to base 15
327
Convert -579 (base 11) to base 16.
-2b3
What is 101001010 (base 2) in base 13?
1c5
What is b36d (base 16) in base 12?
226b9
Convert -280 (base 10) to base 15.
-13a
What is -b50 (base 14) in base 7?
-6330
-247 (base 11) to base 8
-445
What is -44665 (base 8) in base 11?
-131a4
What is -1290 (base 10) in base 9?
-1683
What is 1334 (base 6) in base 11?
295
Convert 21d (base 15) to base 14.
262
-3231 (base 6) to base 13
-44b
What is -111100010 (base 2) in base 13?
-2b1
What is 47fe (base 16) in base 15?
56da
519 (base 12) to base 9
1013
-4233 (base 7) to base 4
-113112
-10203 (base 4) to base 7
-564
-554 (base 7) to base 4
-10130
-5968 (base 11) to base 2
-1111010001010
512 (base 15) to base 8
2166
What is -101000100 (base 2) in base 10?
-324
Convert -194 (base 16) to base 6.
-1512
What is -212112 (base 3) in base 12?
-44b
-537 (base 10) to base 15
-25c
-1002 (base 3) to base 8
-35
What is 5025 (base 6) in base 12?
775
What is -2cd (base 15) in base 10?
-643
Convert 333 (base 7) to base 6.
443
Convert -7171 (base 10) to base 13.
-3358
11000001100000 (base 2) to base 5
344014
20202200 (base 3) to base 7
20244
Convert -3608 (base 14) to base 9.
-13822
-415 (base 8) to base 14
-153
167 (base 10) to base 14
bd
Convert 5a2 (base 16) to base 2.
10110100010
-212032 (base 4) to base 15
-ad1
What is -47 (base 9) in base 13?
-34
Convert 196c (base 15) to base 13.
2673
-2c95 (base 15) to base 7
-36650
222100 (base 3) to base 7
2034
4325 (base 16) to base 14
639b
What is 351 (base 10) in base 6?
1343
Convert 1232123 (base 4) to base 6.
52415
2468 (base 10) to base 2
100110100100
-504 (base 8) to base 12
-230
What is 100013 (base 4) in base 6?
4435
What is 11110010100100 (base 2) in base 14?
592c
-210202100 (base 3) to base 7
-64143
What is a4 (base 12) in base 16?
7c
What is 111a (base 14) in base 16?
b94
Convert 1955 (base 11) to base 13.
118a
What is -22d (base 14) in base 6?
-2001
103502 (base 7) to base 2
100011010100011
What is 529 (base 13) in base 4?
31300
-240150 (base 7) to base 4
-22210212
1211222120 (base 3) to base 13
1377c
Convert 1200211222 (base 3) to base 14.
c277
da8 (base 15) to base 11
2353
-1204422 (base 6) to base 5
-4010410
Convert -21231 (base 4) to base 11.
-515
Convert 5ba (base 13) to base 5.
12443
Convert -836 (base 9) to base 14.
-369
-2a44 (base 11) to base 14
-1600
What is -361 (base 9) in base 13?
-19c
-b24 (base 16) to base 7
-11213
What is -2794 (base 12) in base 2?
-1000111100000
What is 23043 (base 5) in base 14?
85a
What is 1a0 (base 14) in base 10?
336
Convert -a79 (base 16) to base 14.
-d97
-2315 (base 6) to base 3
-202102
What is 456c (base 13) in base 3?
111100010
-b08 (base 16) to base 4
-230020
1017 (base 8) to base 7
1352
-2632 (base 16) to base 14
-37c6
What is 60337 (base 9) in base 7?
223402
What is 10131 (base 4) in base 15?
140
Convert 16236 (base 9) to base 11.
83a9
What is 4c35 (base 13) in base 6?
122140
What is 1099 (base 13) in base 3?
10012001
What is 16d (base 16) in base 4?
11231
Convert 331211 (base 4) to base 16.
f65
What is 1042a (base 11) in base 4?
3230311
Convert -ad5 (base 14) to base 3.
-2221112
What is 1021 (base 4) in base 6?
201
1217 (base 11) to base 3
2011221
What is 30c0 (base 16) in base 9?
18106
Convert -1141434 (base 5) to base 9.
-32432
a81 (base 12) to base 10
1537
Convert 43013 (base 5) to base 11.
2191
What is -59420 (base 10) in base 9?
-100452
What is 4353 (base 13) in base 6?
111203
What is 2253 (base 7) in base 9?
1113
What is -1398 (base 14) in base 15?
-1061
Convert -10200 (base 7) to base 16.
-9c3
Convert -20255 (base 6) to base 8.
-5213
Convert a601 (base 14) to base 4.
12333021
What is -3683 (base 11) in base 6?
-34134
What is -464 (base 11) in base 3?
-202112
What is 2413 (base 9) in base 3?
2110110
Convert 52c3 (base 13) to base 11.
8699
85 (base 11) to base 3
10110
What is -40a (base 15) in base 6?
-4114
159 (base 13) to base 4
3303
Convert -3573 (base 14) to base 7.
-36103
What is 36763 (base 8) in base 7?
64144
Convert 132302 (base 8) to base 10.
46274
What is 47167 (base 9) in base 7?
160543
What is -2467 (base 9) in base 4?
-130303
What is -b9c (base 15) in base 14?
-d54
Convert 310 (base 11) to base 9.
455
-1013222 (base 4) to base 14
-1958
Convert -490 (base 14) to base 4.
-32032
What is -5482 (base 16) in base 11?
-15288
What is 1100000011010111 (base 2) in base 11?
340aa
What is -321 (base 13) in base 14?
-2a2
What is 10222111 (base 3) in base 7?
11314
-432530 (base 6) to base 10
-35622
What is 6638 (base 11) in base 7?
34343
What is -1a94 (base